me factors of (w/12)/(2/60)?
2, 5
Suppose 5*t + 50 = 5*k, -5*t - 45 = 2*k - 6*k. Let b be (2/(-2))/(t/390). Suppose 3*m + 4*d - b = -d, 5*m = 5*d + 90. What are the prime factors of m?
3, 7
Let p = 23 - 7. Let w be (-2 - (-5 - -3))/(-2). Suppose d - p = -w*d. List the prime factors of d.
2
Let q(a) = -4*a**2 + 21*a + 21. Let m(u) = -2*u**2 + 11*u + 11. Let b(w) = 11*m(w) - 6*q(w). Suppose -17 = 6*l - 53. List the prime factors of b(l).
37
Let i = 1427 + -976. List the prime factors of i.
11, 41
Let b(g) = g**3 + 6*g**2 - 9*g - 8. Suppose 0 = -4*j - 33 + 5. What are the prime factors of b(j)?
2, 3
Let j(c) = 4*c**3 - c. Let n be j(1). Let x(g) = -g**3 + 2*g**2 + g - 2. Let h be x(n). List the prime factors of 12/96 + (-335)/h.
2, 3, 7
List the prime factors of ((-25050)/20)/(-3 + 20/8).
3, 5, 167
Let v(p) = 32 + 33 - 53 + p**2. List the prime factors of v(-5).
37
Suppose 0 = 3*a + 483 - 15. Let w = a - -264. List the prime factors of w.
2, 3
Let b = 19 - 19. Suppose b = -11*j + 14*j - 219. List the prime factors of j.
73
List the prime factors of (-7 - -2 - -6) + 999.
2, 5
Suppose -1100 = -9*b + 5*b. Let z = b - 118. What are the prime factors of z?
157
Suppose 2*l = 3*h - 103, -3*l - 6 - 9 = 0. What are the prime factors of h?
31
Let c = -194 - -470. Suppose 4*l = c - 36. List the prime factors of l.
2, 3, 5
Let m = -136 + 137. List the prime factors of (3 - m)/(-2) + 96.
5, 19
Let t be 128/(-7) - 4/(-14). Let b(f) = -f**3 + 19*f**2 + 39*f + 18. Let i be b(21). What are the prime factors of i/t*(-12)/(-10)?
3
Let y be 5 + -4 + 3 + 1. Suppose 0 = 4*x - 12, -8*v + y*v - x = -159. What are the prime factors of v?
2, 13
Let m be (18/(-5))/((-6)/(-20)). Let f = m - -15. What are the prime factors of f?
3
Let t = 14 + 0. Let n = 19 - t. Suppose 0 = -2*p + n + 69. List the prime factors of p.
37
Suppose -5*v - 5*a + 1665 = 0, -2*a - 1332 = -8*v + 4*v. List the prime factors of v.
3, 37
Let s(p) be the first derivative of p**3/3 - 13*p**2/2 - 7*p - 17. List the prime factors of s(-9).
191
Let u = -1813 - -2559. List the prime factors of u.
2, 373
Suppose 4227 = 5*o + 3*u, -12*o + 15*o - 2533 = -5*u. What are the prime factors of o?
2, 3, 47
Let c(v) = 14*v - 5. Let h(g) = 3*g - 2. Let n be h(-1). Let l be c(n). List the prime factors of (5/(-15))/(1/l).
5
List the prime factors of ((-51)/51)/(1 + (-420)/418).
11, 19
Suppose 4*q = -z - 5, 20 = -q - q - 4*z. Suppose 0 = 4*a - q*a - 180. What are the prime factors of a?
3, 5
Let n(s) = -2*s + 2. Let g(d) = -d + 1. Let a(o) = -3*g(o) + n(o). Let q be a(6). Suppose 111 = 5*l - p - 0, -q*p + 66 = 2*l. What are the prime factors of l?
23
Suppose -4*i = -6*i. Suppose 4*u - r - r - 58 = 0, -73 = -4*u + 5*r. What are the prime factors of (-22 - i)/(u/(-6))?
11
What are the prime factors of -6*(-10)/(-8)*(-3808)/40?
2, 3, 7, 17
Let m be (0/1)/(8/(-4)). Suppose v = -m*v + 17. What are the prime factors of v?
17
Let x = -22 + 15. Suppose 0 = -5*y - 53 - 17. Let n = x - y. What are the prime factors of n?
7
Let r = -26 + 38. Suppose 7*v = r*v - 215. Let x = v - 29. What are the prime factors of x?
2, 7
What are the prime factors of -1 + 0 - -853 - (-11 + 12)?
23, 37
Suppose -7 = 4*m + 3*c, -2*c + 0*c = -5*m + 20. Suppose -m*x + 10 = 0, -530 = -3*j + 4*x + 335. Suppose 0 = 6*z - z - j. List the prime factors of z.
59
Suppose -1315 = -4*l + 16*d - 15*d, 4 = 4*d. What are the prime factors of l?
7, 47
Let o = 262 + 57. What are the prime factors of o?
11, 29
Suppose -3*w + 2593 = -f, -2*w + 355 = -f - 1373. What are the prime factors of w?
5, 173
Let t = 5691 + -3731. List the prime factors of t.
2, 5, 7
Let l(o) = -o**3 + 10*o**2 - 7*o - 4. Let b = 37 + -28. List the prime factors of l(b).
2, 7
Let i be (-7)/((-14)/20) + 0/5. Suppose 0 = u - 2*q - 157, -q - i = q. List the prime factors of u.
3, 7
Let l be (0 - 2) + 1 + 55. Suppose -l = -2*v + 178. List the prime factors of v.
2, 29
Let m(y) = 4 - y**2 - 4 + 5 + 0 - 6*y. Let w be m(-4). Suppose -5*z + 23 = -2*l - w, 4*z + l = 34. List the prime factors of z.
2
Let a(b) = -b**2 + b + 3. Suppose -12*c + 9 = -15*c. Let p be a(c). List the prime factors of (p/18)/(1/(-14)).
7
Let g(p) = -3*p + 2. Let v(m) = 10*m - 7. Let a be (42/28)/((-6)/16). Let j(c) = a*v(c) - 14*g(c). List the prime factors of j(9).
2, 3
Let h(w) = 5*w**2 - 27*w + 6. List the prime factors of h(14).
2, 19
Let v(j) = 2*j**2 - 6*j - 10. Suppose 4*p + 0*p + 24 = 0. Let l be v(p). Suppose -4*u - 38 = -l. List the prime factors of u.
3, 5
What are the prime factors of (-3)/(-2) + 14/(336/41196)?
2, 859
Suppose 4*t - g - 5288 = 0, -g + 5*g = t - 1337. List the prime factors of t.
1321
Let j = 1765 - 1470. What are the prime factors of j?
5, 59
Suppose -147*d = -146*d - 690. List the prime factors of d.
2, 3, 5, 23
Let f(w) = w**3 - 10*w**2 - 31*w + 19. What are the prime factors of f(13)?
3, 41
Suppose -17*z = -49*z + 48800. List the prime factors of z.
5, 61
Suppose 12*v - 24*v + 15888 = 0. What are the prime factors of v?
2, 331
Let p = 3610 - 1593. List the prime factors of p.
2017
Suppose 3*k - 5*l = 31 + 1, -2*l - 28 = -5*k. List the prime factors of (-294)/((-8)/k) - -2.
149
Let q = -154 - -259. Let x = -57 + q. What are the prime factors of x?
2, 3
Let r(f) = 174*f - 1. What are the prime factors of r(2)?
347
List the prime factors of (-9)/(36/20)*-110.
2, 5, 11
Let g = -1927 - -3454. What are the prime factors of g?
3, 509
Let f = 68 + -10. What are the prime factors of f?
2, 29
Suppose 4895 = 15*n - 10*n + 5*q, 3*q = 3. What are the prime factors of n?
2, 3, 163
Let r(q) = -q**2 - 6*q + 40. Let m be r(-17). List the prime factors of (m - (7 - 7))/(6/(-4)).
2, 7
Let s be (3 - 2)*(-16)/(-4). Suppose 4*d + s*x = 44, -6*d + 2*d = -5*x - 17. What are the prime factors of d?
2
Suppose -5*o = y - 4341, 2330 + 269 = 3*o - 5*y. What are the prime factors of o?
2, 7, 31
Let d = -10 + -14. Let t = 1 + -3. List the prime factors of 15*(d/(-9) + t).
2, 5
Let w(u) be the second derivative of u**5/20 - 7*u**4/6 + 5*u**3/2 + 31*u**2/2 + 15*u. What are the prime factors of w(13)?
3, 19
Let b = -467 - -1029. What are the prime factors of b?
2, 281
List the prime factors of 4384*(110/(-20))/(-11).
2, 137
Let k = -10 + 12. Suppose k*v = -13 - 25. Let q = v - -39. List the prime factors of q.
2, 5
List the prime factors of 25/((-3402)/847 + 4)*-2.
5, 11
Suppose -5*t = 3*q - 10814, -3*q + 7026 + 3800 = -t. What are the prime factors of q?
2, 11, 41
Suppose 2*b + 3*g - 2031 = 1314, 4*b - 6645 = 3*g. List the prime factors of b.
3, 5, 37
Let b(o) = -2*o**3 - 8*o**2 + 5*o - 1. Let v be b(-6). Let r = -54 + v. What are the prime factors of r?
59
Let l be ((-63)/(-28))/(1/(-4)). Let p = l - -3. Let u(k) = -k**2 - 10*k - 10. List the prime factors of u(p).
2, 7
Suppose -78*r = -97*r + 19779. List the prime factors of r.
3, 347
Let s = -25 + -489. List the prime factors of -2 + (-5)/(-2) - s/4.
3, 43
Let d = -704 + 1244. Suppose 17*g - 14*g = d. What are the prime factors of g?
2, 3, 5
Suppose -4*t - n = -1, -2*t = -3*n + 4*n - 1. Suppose 0 = u - t + 10. Let d = 22 + u. What are the prime factors of d?
2, 3
Let d = -4 + 59. Let a = d + 61. What are the prime factors of a?
2, 29
Let p(a) = 8*a + 15. Let b(w) = 2*w - 8. Let f be b(6). Let r be -1 + (6 - f) + 4. What are the prime factors of p(r)?
5, 11
Let k = -28 + 671. List the prime factors of k.
643
List the prime factors of 2612 + -6 - (-4 - 3).
3, 13, 67
Suppose 4*n = 3*d - 17, 2*d - 11 + 3 = n. Suppose -3*a - d*a = -606. List the prime factors of a.
101
Let r(p) = 3*p**2 + 2*p - 8. Let h be 5*(-8)/(-60)*6. Let v be r(h). Suppose -4*m - 3*d + 108 = 0, v - 4 = m + 5*d. List the prime factors of m.
2, 3
Suppose g + 3*g - 312 = 0. Suppose -3*t - n + g = 0, -t + 26 = -2*n - 3*n. What are the prime factors of t?
2, 13
Let f be 3*(-16)/60*35. Let z = f + 6. Let j = z - -39. What are the prime factors of j?
17
Let r = -162 - -278. List the prime factors of r.
2, 29
Let d(x) be the third derivative of x**4/8 - 16*x**2. List the prime factors of d(4).
2, 3
Let y be (1 - 2 - -1)/3. Let u = y - 2. What are the prime factors of (-350)/(-12) + u/12?
29
Let a(l) = 43*l - 30. What are the prime factors of a(5)?
5, 37
Suppose -2573 - 212 = -2*o - 5*i, 3*i + 2761 = 2*o. What are the